{"id":88,"date":"2026-01-04T11:51:21","date_gmt":"2026-01-04T10:51:21","guid":{"rendered":"https:\/\/kss.amuz.krakow.pl\/?post_type=team_member&#038;p=88"},"modified":"2026-01-13T20:30:19","modified_gmt":"2026-01-13T19:30:19","slug":"aga-wojcik","status":"publish","type":"team_member","link":"https:\/\/kss.amuz.krakow.pl\/?team_member=aga-wojcik","title":{"rendered":"Aga W\u00f3jcik"},"content":{"rendered":"\n<p>Studentka I roku studi\u00f3w magisterskich na Akademii Muzycznej im. Krzysztofa Pendereckiego w Krakowie, w klasie prof. dr hab. Oriany Masternak. Z wyr\u00f3\u017cnieniem uko\u0144czy\u0142a POSM II st. im. Fryderyka Chopina w Krakowie w klasie Macieja Czepielowskiego. Swoje umiej\u0119tno\u015bci doskonali\u0142a podczas kurs\u00f3w mistrzowskich prowadzonych przez Bart\u0142omieja Nizio\u0142a oraz Roksan\u0119 Kwa\u015bnikowsk\u0105.<\/p>\n\n\n\n<p>Jest wsp\u00f3\u0142za\u0142o\u017cycielk\u0105 Spektra String Quartet, z kt\u00f3rym regularnie koncertuje oraz uczestniczy w kursach mistrzowskich prowadzonych m.in. przez cz\u0142onk\u00f3w Karol Szymanowski Quartet, Meccore String Quartet oraz Lutos\u0142awski Quartet. Wraz z zespo\u0142em zdoby\u0142a III nagrod\u0119 na Mi\u0119dzynarodowym Konkursie Muzyki Kameralnej KraCamera 2025 oraz Mi\u0119dzynarodowym Konkursie Muzycznym Opus 2025.<\/p>\n\n\n\n<p>W 2025 roku zaj\u0119\u0142a IV miejsce na VII Mi\u0119dzynarodowym Konkursie Skrzypcowym Muzyki Polskiej im. Wandy Wi\u0142komirskiej, kt\u00f3ry odby\u0142 si\u0119 w Cz\u0119stochowie w dniach 25\u201330 listopada.<\/p>\n","protected":false},"excerpt":{"rendered":"<p>Studentka I roku studi\u00f3w magisterskich na Akademii Muzycznej im. Krzysztofa Pendereckiego w Krakowie, w klasie prof. dr hab. Oriany Masternak&#8230;.<\/p>\n","protected":false},"featured_media":95,"template":"","class_list":["post-88","team_member","type-team_member","status-publish","has-post-thumbnail","hentry"],"_links":{"self":[{"href":"https:\/\/kss.amuz.krakow.pl\/index.php?rest_route=\/wp\/v2\/team_member\/88","targetHints":{"allow":["GET"]}}],"collection":[{"href":"https:\/\/kss.amuz.krakow.pl\/index.php?rest_route=\/wp\/v2\/team_member"}],"about":[{"href":"https:\/\/kss.amuz.krakow.pl\/index.php?rest_route=\/wp\/v2\/types\/team_member"}],"version-history":[{"count":2,"href":"https:\/\/kss.amuz.krakow.pl\/index.php?rest_route=\/wp\/v2\/team_member\/88\/revisions"}],"predecessor-version":[{"id":91,"href":"https:\/\/kss.amuz.krakow.pl\/index.php?rest_route=\/wp\/v2\/team_member\/88\/revisions\/91"}],"wp:featuredmedia":[{"embeddable":true,"href":"https:\/\/kss.amuz.krakow.pl\/index.php?rest_route=\/wp\/v2\/media\/95"}],"wp:attachment":[{"href":"https:\/\/kss.amuz.krakow.pl\/index.php?rest_route=%2Fwp%2Fv2%2Fmedia&parent=88"}],"curies":[{"name":"wp","href":"https:\/\/api.w.org\/{rel}","templated":true}]}}

Aga Wójcik

<p>Studentka I roku studiów magisterskich na Akademii Muzycznej im. Krzysztofa Pendereckiego w Krakowie, w klasie prof. dr hab. Oriany Masternak. Z wyróżnieniem ukończyła POSM II st. im. Fryderyka Chopina w Krakowie w klasie Macieja Czepielowskiego. Swoje umiejętności doskonaliła podczas kursów mistrzowskich prowadzonych przez Bartłomieja Nizioła oraz Roksanę Kwaśnikowską.</p>



<p>Jest współzałożycielką Spektra String Quartet, z którym regularnie koncertuje oraz uczestniczy w kursach mistrzowskich prowadzonych m.in. przez członków Karol Szymanowski Quartet, Meccore String Quartet oraz Lutosławski Quartet. Wraz z zespołem zdobyła III nagrodę na Międzynarodowym Konkursie Muzyki Kameralnej KraCamera 2025 oraz Międzynarodowym Konkursie Muzycznym Opus 2025.</p>



<p>W 2025 roku zajęła IV miejsce na VII Międzynarodowym Konkursie Skrzypcowym Muzyki Polskiej im. Wandy Wiłkomirskiej, który odbył się w Częstochowie w dniach 25–30 listopada.</p>

<p>Studentka I roku studiów magisterskich na Akademii Muzycznej im. Krzysztofa Pendereckiego w Krakowie, w klasie prof. dr hab. Oriany Masternak&#8230;.</p>
