{"id":64,"date":"2025-10-11T14:57:21","date_gmt":"2025-10-11T12:57:21","guid":{"rendered":"https:\/\/kss.amuz.krakow.pl\/?post_type=team_member&#038;p=64"},"modified":"2026-01-04T10:59:22","modified_gmt":"2026-01-04T09:59:22","slug":"mgr-mateusz-kasprzak-labudzinski","status":"publish","type":"team_member","link":"https:\/\/kss.amuz.krakow.pl\/?team_member=mgr-mateusz-kasprzak-labudzinski","title":{"rendered":"mgr Mateusz Kasprzak-\u0141abudzi\u0144ski"},"content":{"rendered":"\n<p>Absolwent mistrzowskiej klasy skrzypiec Prof. Edwarda Zienkowskiego na Uniwersytecie Muzyki i Sztuki w Wiedniu (dyplom magisterski z wyr\u00f3\u017cnieniem 2014)&nbsp;oraz absolwent&nbsp;elitarnych&nbsp;solistycznych studi\u00f3w specjalistycznych prowadzonych przez&nbsp;Hochschuleder&nbsp;Kunste&nbsp;w Bernie w klasie mistrzowskiej Prof. Moniki Urbaniak-Lisik&nbsp;(dyplom z wyr\u00f3\u017cnieniem 2018).&nbsp;&nbsp; &nbsp; &nbsp; &nbsp; &nbsp; &nbsp; &nbsp; &nbsp; &nbsp; &nbsp; &nbsp; &nbsp; &nbsp; &nbsp;<\/p>\n\n\n\n<p>Swoje umiej\u0119tno\u015bci doskonali\u0142 u s\u0142ynnych pedagog\u00f3w&nbsp;i&nbsp;wirtuoz\u00f3w m.in. Wolfganga&nbsp;Marschnera, Mariny&nbsp;Jashvili, Konstantego Andrzeja Kulki, Benjamina Schmida, Rainera&nbsp;Kuchla,&nbsp;Elisabeth&nbsp;Kropfitsch, Josefa&nbsp;Hella&nbsp;czy Alban Berg Quartet. &nbsp; &nbsp; &nbsp; &nbsp; &nbsp; &nbsp; &nbsp; &nbsp; &nbsp; &nbsp; &nbsp; &nbsp; &nbsp; &nbsp; &nbsp; &nbsp; &nbsp; &nbsp; &nbsp; &nbsp; &nbsp; &nbsp; &nbsp; &nbsp; &nbsp; &nbsp; &nbsp; &nbsp; &nbsp; &nbsp; &nbsp; &nbsp; &nbsp; &nbsp; &nbsp; &nbsp; &nbsp; &nbsp; &nbsp; &nbsp; &nbsp; &nbsp; &nbsp; &nbsp; &nbsp; &nbsp; &nbsp; &nbsp; &nbsp; &nbsp; &nbsp; &nbsp; &nbsp; &nbsp; &nbsp;<\/p>\n\n\n\n<p>Uko\u0144czy\u0142 studia uzupe\u0142niaj\u0105ce na Uniwersytecie Muzyki im. Fryderyka Chopina w Warszawie w klasie Prof. Konstantego Andrzeja Kulki&nbsp;oraz Prof. Romana Lasockiego&nbsp;w zakresie muzyki polskiej&nbsp;wraz ze studium pedagogicznym.<\/p>\n\n\n\n<p>Akademick\u0105 dzia\u0142alno\u015b\u0107 pedagogiczn\u0105 prowadzi od 2016 roku jako asystent klasy skrzypiec Prof. Moniki Urbaniak-Lisik w&nbsp;Hochschule&nbsp;der&nbsp;Kunste&nbsp;w Bernie. R\u00f3wnoczasowo zwi\u0105zany z Uniwersytetem Muzyki i Sztuki w Wiedniu gdzie prowadzi od 2016 roku orkiestr\u0119 kameraln\u0105&nbsp;Webern&nbsp;Kammerphilharmonie.&nbsp;Od 2021 roku jest doktorantem Akademii Muzycznej im. Krzysztofa Pendereckiego w Krakowie.&nbsp;W&nbsp;2023 roku&nbsp;zosta\u0142&nbsp;wsp\u00f3\u0142pracownikiem Katedry Skrzypiec i Alt\u00f3wki na Akademii Muzycznej im. K. Pendereckiego w Krakowie, gdzie pe\u0142ni rol\u0119 asystenta klasy skrzypiec prof. Piotra Tarcholika.<\/p>\n\n\n\n<p>Wyk\u0142adowca kurs\u00f3w muzycznych m.in.: w Nowym S\u0105czu, Katowicach, Krynicy, Wiedniu,&nbsp;Wroc\u0142awiu, Lidzbarku Warmi\u0144skim, Bia\u0142ymstoku.&nbsp;<\/p>\n\n\n\n<p>Juror&nbsp;mi\u0119dzynarodowych&nbsp;konkurs\u00f3w&nbsp;muzycznych&nbsp;m.in. : International Viennese Spring Music Competition (AT), The Scandinavian International Instrumental Music Competition in Turku (FL), Jean Sibelius Fest International&nbsp;Instrumental Music Competition (FL), International&nbsp;Edvard&nbsp;Grieg Music Competition (FL)<a><\/a>.<\/p>\n\n\n\n<p>Laureat&nbsp;czo\u0142owych nagr\u00f3d&nbsp;wielu mi\u0119dzynarodowych i og\u00f3lnopolskich konkurs\u00f3w solistycznych oraz muzyki kameralnej m.in. :&nbsp;IV Mi\u0119dzynarodowego Konkursu Muzycznego w Rzymie (I nagroda oraz nagroda specjalna),&nbsp;XXXXIV Mi\u0119dzynarodowego Konkursu im. Prof.&nbsp;Dichlera&nbsp;w Wiedniu (I nagroda), Mi\u0119dzynarodowego Konkursu Muzycznego Grand&nbsp;PrizeVirtuoso&nbsp;w Wiedniu (II nagroda),&nbsp;II&nbsp;Mi\u0119dzynarodowego&nbsp;Konkursu&nbsp;Rising&nbsp;Stars w Berlinie (III nagroda oraz debiut w Filharmonii Berli\u0144skiej),&nbsp;XV Mi\u0119dzynarodowego&nbsp;Konkursu&nbsp;Muzycznegow Osace \/Japonia\/&nbsp;(Finalista), Mi\u0119dzynarodowego Konkursu Skrzypcowego im. Antona Rubinsteina w&nbsp;Duesseldorfie&nbsp;(Finalista), XXX Og\u00f3lnopolskiego Konkursu Bachowskiego w Zielonej G\u00f3rze (II nagroda), III Og\u00f3lnopolskiego Konkursu Skrzypcowego im.&nbsp;G.Ph. Telemannaw Poznaniu (IV nagroda) oraz III Og\u00f3lnopolskiego Konkursu Interpretacji Muzycznej im. Prof.&nbsp;I.Dubiskiej&nbsp;w \u0141odzi (Finalista).<\/p>\n\n\n\n<p>Koncertowa\u0142 w najbardziej renomowanych salach koncertowych Europy m.in. :&nbsp;Musikverein&nbsp;i&nbsp;Konzerthaus&nbsp;w Wiedniu,&nbsp;Konzerthaus&nbsp;i Filharmonia&nbsp;w Berlinie,&nbsp;Tonhalle-Maag&nbsp;w Zurichu ,&nbsp;Konzerthaus&nbsp;w Bernie, Tivoli w Kopenhadze,&nbsp;Mariinsky&nbsp;w St. Petersburgu, wielka sala Filharmonii Narodowej w Budapeszcie,&nbsp;Gilde&nbsp;w Rydze czy sala&nbsp;Nospru&nbsp;w Katowicach.<\/p>\n\n\n\n<p>Bra\u0142 udzia\u0142 w wielu&nbsp;presti\u017cowych&nbsp;festiwalach muzycznych m.in.:&nbsp;Murten&nbsp;Classics&nbsp;(CH),&nbsp;Donaueschingen&nbsp;Musik&nbsp;Tage&nbsp;(DE), EU&nbsp;European&nbsp;Opera Sound (IT),&nbsp;Glagolica&nbsp;(SLO),&nbsp;K\u00e4rntnerSommer (AT),&nbsp;Usedomer&nbsp;Musikfestival&nbsp;(DE), Goslar-Harz&nbsp;Musikfestival&nbsp;(DE),&nbsp;Mi\u0119dzynarodowym Festiwalu&nbsp;Chopinowskim&nbsp;w&nbsp;Gaming-Kartouse&nbsp;(AT), Euro&nbsp;Arts&nbsp;(DE), Yehudi Menuhin Forum (CH\/DE\/PL), Kvarner (CRO), Boulez&nbsp;Integrale&nbsp;(AT), Muzyka w starym Krakowie&nbsp;(PL), Festiwal im. Karola Kurpi\u0144skiego w Warszawie (PL).&nbsp;<\/p>\n\n\n\n<p>Wsp\u00f3\u0142pracowa\u0142 z&nbsp;dyrygentami i kompozytorami takimi jak m.in. :&nbsp;Jerzy Kosek,&nbsp;Massimiliano&nbsp;Caldi, Kristian&nbsp;J\u00e4rvi, Michael Rot, Czes\u0142aw Grabowski,&nbsp;Mischa&nbsp;Santora, Jan Mi\u0142osz Zarzycki, Andres Estrada-Orozco, Kaspar&nbsp;Zehnder, HK Gruber, Claudio Cohen, Zoltan&nbsp;Kocsis,&nbsp;Neeme&nbsp;J\u00e4rvi,&nbsp;Alexej&nbsp;Askhenazy&nbsp;, Dieter&nbsp;Schnebel, Helmut&nbsp;Lachenmann, Ricardo&nbsp;Muti, Pierre Boulez .<\/p>\n\n\n\n<p>Nagrody i Stypendia:&nbsp;Uniwersytetu Muzyki i Sztuki w Wiedniu, Fundacji Prof. Bartkowiaka w Lugano&nbsp;(CH), Fundacji Rity Zimmermann w Lozannie,&nbsp;Fundacji&nbsp;Hirschmannaprzy Uniwersytecie&nbsp;Genewskim, \u201eZ\u0142ota Sowa Polonii\u201d w kategorii Muzyka&nbsp;(Wiede\u0144), Stypendium&nbsp;MKiDN&nbsp;\u201eM\u0142oda Polska\u201d.<\/p>\n\n\n\n<p>Prowadzi jako koncertmistrz orkiestry kameralne \u201eCamerata&nbsp;Polonia\u201d (AT) oraz Orkiestr\u0119 Kameraln\u0105 im. W. Lutos\u0142awskiego (PL).<\/p>\n\n\n\n<p>Za\u0142o\u017cyciel oraz lider&nbsp;Stowarzyszenia&nbsp;Sinfonietta&nbsp;Viennoise&nbsp;w Wiedniu. Dyrektor artystyczny Letniej Akademii Mistrzowskiej na Zamku w Suchej Beskidzkiej oraz Mi\u0119dzynarodowego Festiwalu Muzycznego im. Karola Szymanowskiego w Wiedniu.<\/p>\n\n\n\n<p>Gra na instrumencie&nbsp;Charles JB Collin-Mezin&nbsp;z 1932 roku.&nbsp;&nbsp;<\/p>\n","protected":false},"excerpt":{"rendered":"<p>Absolwent mistrzowskiej klasy skrzypiec Prof. Edwarda Zienkowskiego na Uniwersytecie Muzyki i Sztuki w Wiedniu (dyplom magisterski z wyr\u00f3\u017cnieniem 2014)&nbsp;oraz absolwent&nbsp;elitarnych&nbsp;solistycznych&#8230;<\/p>\n","protected":false},"featured_media":49,"template":"","class_list":["post-64","team_member","type-team_member","status-publish","has-post-thumbnail","hentry"],"_links":{"self":[{"href":"https:\/\/kss.amuz.krakow.pl\/index.php?rest_route=\/wp\/v2\/team_member\/64","targetHints":{"allow":["GET"]}}],"collection":[{"href":"https:\/\/kss.amuz.krakow.pl\/index.php?rest_route=\/wp\/v2\/team_member"}],"about":[{"href":"https:\/\/kss.amuz.krakow.pl\/index.php?rest_route=\/wp\/v2\/types\/team_member"}],"version-history":[{"count":1,"href":"https:\/\/kss.amuz.krakow.pl\/index.php?rest_route=\/wp\/v2\/team_member\/64\/revisions"}],"predecessor-version":[{"id":65,"href":"https:\/\/kss.amuz.krakow.pl\/index.php?rest_route=\/wp\/v2\/team_member\/64\/revisions\/65"}],"wp:featuredmedia":[{"embeddable":true,"href":"https:\/\/kss.amuz.krakow.pl\/index.php?rest_route=\/wp\/v2\/media\/49"}],"wp:attachment":[{"href":"https:\/\/kss.amuz.krakow.pl\/index.php?rest_route=%2Fwp%2Fv2%2Fmedia&parent=64"}],"curies":[{"name":"wp","href":"https:\/\/api.w.org\/{rel}","templated":true}]}}

mgr Mateusz Kasprzak-Łabudziński

<p>Absolwent mistrzowskiej klasy skrzypiec Prof. Edwarda Zienkowskiego na Uniwersytecie Muzyki i Sztuki w Wiedniu (dyplom magisterski z wyróżnieniem 2014)&nbsp;oraz absolwent&nbsp;elitarnych&nbsp;solistycznych studiów specjalistycznych prowadzonych przez&nbsp;Hochschuleder&nbsp;Kunste&nbsp;w Bernie w klasie mistrzowskiej Prof. Moniki Urbaniak-Lisik&nbsp;(dyplom z wyróżnieniem 2018).&nbsp;&nbsp; &nbsp; &nbsp; &nbsp; &nbsp; &nbsp; &nbsp; &nbsp; &nbsp; &nbsp; &nbsp; &nbsp; &nbsp; &nbsp;</p>



<p>Swoje umiejętności doskonalił u słynnych pedagogów&nbsp;i&nbsp;wirtuozów m.in. Wolfganga&nbsp;Marschnera, Mariny&nbsp;Jashvili, Konstantego Andrzeja Kulki, Benjamina Schmida, Rainera&nbsp;Kuchla,&nbsp;Elisabeth&nbsp;Kropfitsch, Josefa&nbsp;Hella&nbsp;czy Alban Berg Quartet. &nbsp; &nbsp; &nbsp; &nbsp; &nbsp; &nbsp; &nbsp; &nbsp; &nbsp; &nbsp; &nbsp; &nbsp; &nbsp; &nbsp; &nbsp; &nbsp; &nbsp; &nbsp; &nbsp; &nbsp; &nbsp; &nbsp; &nbsp; &nbsp; &nbsp; &nbsp; &nbsp; &nbsp; &nbsp; &nbsp; &nbsp; &nbsp; &nbsp; &nbsp; &nbsp; &nbsp; &nbsp; &nbsp; &nbsp; &nbsp; &nbsp; &nbsp; &nbsp; &nbsp; &nbsp; &nbsp; &nbsp; &nbsp; &nbsp; &nbsp; &nbsp; &nbsp; &nbsp; &nbsp; &nbsp;</p>



<p>Ukończył studia uzupełniające na Uniwersytecie Muzyki im. Fryderyka Chopina w Warszawie w klasie Prof. Konstantego Andrzeja Kulki&nbsp;oraz Prof. Romana Lasockiego&nbsp;w zakresie muzyki polskiej&nbsp;wraz ze studium pedagogicznym.</p>



<p>Akademicką działalność pedagogiczną prowadzi od 2016 roku jako asystent klasy skrzypiec Prof. Moniki Urbaniak-Lisik w&nbsp;Hochschule&nbsp;der&nbsp;Kunste&nbsp;w Bernie. Równoczasowo związany z Uniwersytetem Muzyki i Sztuki w Wiedniu gdzie prowadzi od 2016 roku orkiestrę kameralną&nbsp;Webern&nbsp;Kammerphilharmonie.&nbsp;Od 2021 roku jest doktorantem Akademii Muzycznej im. Krzysztofa Pendereckiego w Krakowie.&nbsp;W&nbsp;2023 roku&nbsp;został&nbsp;współpracownikiem Katedry Skrzypiec i Altówki na Akademii Muzycznej im. K. Pendereckiego w Krakowie, gdzie pełni rolę asystenta klasy skrzypiec prof. Piotra Tarcholika.</p>



<p>Wykładowca kursów muzycznych m.in.: w Nowym Sączu, Katowicach, Krynicy, Wiedniu,&nbsp;Wrocławiu, Lidzbarku Warmińskim, Białymstoku.&nbsp;</p>



<p>Juror&nbsp;międzynarodowych&nbsp;konkursów&nbsp;muzycznych&nbsp;m.in. : International Viennese Spring Music Competition (AT), The Scandinavian International Instrumental Music Competition in Turku (FL), Jean Sibelius Fest International&nbsp;Instrumental Music Competition (FL), International&nbsp;Edvard&nbsp;Grieg Music Competition (FL)<a></a>.</p>



<p>Laureat&nbsp;czołowych nagród&nbsp;wielu międzynarodowych i ogólnopolskich konkursów solistycznych oraz muzyki kameralnej m.in. :&nbsp;IV Międzynarodowego Konkursu Muzycznego w Rzymie (I nagroda oraz nagroda specjalna),&nbsp;XXXXIV Międzynarodowego Konkursu im. Prof.&nbsp;Dichlera&nbsp;w Wiedniu (I nagroda), Międzynarodowego Konkursu Muzycznego Grand&nbsp;PrizeVirtuoso&nbsp;w Wiedniu (II nagroda),&nbsp;II&nbsp;Międzynarodowego&nbsp;Konkursu&nbsp;Rising&nbsp;Stars w Berlinie (III nagroda oraz debiut w Filharmonii Berlińskiej),&nbsp;XV Międzynarodowego&nbsp;Konkursu&nbsp;Muzycznegow Osace /Japonia/&nbsp;(Finalista), Międzynarodowego Konkursu Skrzypcowego im. Antona Rubinsteina w&nbsp;Duesseldorfie&nbsp;(Finalista), XXX Ogólnopolskiego Konkursu Bachowskiego w Zielonej Górze (II nagroda), III Ogólnopolskiego Konkursu Skrzypcowego im.&nbsp;G.Ph. Telemannaw Poznaniu (IV nagroda) oraz III Ogólnopolskiego Konkursu Interpretacji Muzycznej im. Prof.&nbsp;I.Dubiskiej&nbsp;w Łodzi (Finalista).</p>



<p>Koncertował w najbardziej renomowanych salach koncertowych Europy m.in. :&nbsp;Musikverein&nbsp;i&nbsp;Konzerthaus&nbsp;w Wiedniu,&nbsp;Konzerthaus&nbsp;i Filharmonia&nbsp;w Berlinie,&nbsp;Tonhalle-Maag&nbsp;w Zurichu ,&nbsp;Konzerthaus&nbsp;w Bernie, Tivoli w Kopenhadze,&nbsp;Mariinsky&nbsp;w St. Petersburgu, wielka sala Filharmonii Narodowej w Budapeszcie,&nbsp;Gilde&nbsp;w Rydze czy sala&nbsp;Nospru&nbsp;w Katowicach.</p>



<p>Brał udział w wielu&nbsp;prestiżowych&nbsp;festiwalach muzycznych m.in.:&nbsp;Murten&nbsp;Classics&nbsp;(CH),&nbsp;Donaueschingen&nbsp;Musik&nbsp;Tage&nbsp;(DE), EU&nbsp;European&nbsp;Opera Sound (IT),&nbsp;Glagolica&nbsp;(SLO),&nbsp;KärntnerSommer (AT),&nbsp;Usedomer&nbsp;Musikfestival&nbsp;(DE), Goslar-Harz&nbsp;Musikfestival&nbsp;(DE),&nbsp;Międzynarodowym Festiwalu&nbsp;Chopinowskim&nbsp;w&nbsp;Gaming-Kartouse&nbsp;(AT), Euro&nbsp;Arts&nbsp;(DE), Yehudi Menuhin Forum (CH/DE/PL), Kvarner (CRO), Boulez&nbsp;Integrale&nbsp;(AT), Muzyka w starym Krakowie&nbsp;(PL), Festiwal im. Karola Kurpińskiego w Warszawie (PL).&nbsp;</p>



<p>Współpracował z&nbsp;dyrygentami i kompozytorami takimi jak m.in. :&nbsp;Jerzy Kosek,&nbsp;Massimiliano&nbsp;Caldi, Kristian&nbsp;Järvi, Michael Rot, Czesław Grabowski,&nbsp;Mischa&nbsp;Santora, Jan Miłosz Zarzycki, Andres Estrada-Orozco, Kaspar&nbsp;Zehnder, HK Gruber, Claudio Cohen, Zoltan&nbsp;Kocsis,&nbsp;Neeme&nbsp;Järvi,&nbsp;Alexej&nbsp;Askhenazy&nbsp;, Dieter&nbsp;Schnebel, Helmut&nbsp;Lachenmann, Ricardo&nbsp;Muti, Pierre Boulez .</p>



<p>Nagrody i Stypendia:&nbsp;Uniwersytetu Muzyki i Sztuki w Wiedniu, Fundacji Prof. Bartkowiaka w Lugano&nbsp;(CH), Fundacji Rity Zimmermann w Lozannie,&nbsp;Fundacji&nbsp;Hirschmannaprzy Uniwersytecie&nbsp;Genewskim, „Złota Sowa Polonii” w kategorii Muzyka&nbsp;(Wiedeń), Stypendium&nbsp;MKiDN&nbsp;„Młoda Polska”.</p>



<p>Prowadzi jako koncertmistrz orkiestry kameralne „Camerata&nbsp;Polonia” (AT) oraz Orkiestrę Kameralną im. W. Lutosławskiego (PL).</p>



<p>Założyciel oraz lider&nbsp;Stowarzyszenia&nbsp;Sinfonietta&nbsp;Viennoise&nbsp;w Wiedniu. Dyrektor artystyczny Letniej Akademii Mistrzowskiej na Zamku w Suchej Beskidzkiej oraz Międzynarodowego Festiwalu Muzycznego im. Karola Szymanowskiego w Wiedniu.</p>



<p>Gra na instrumencie&nbsp;Charles JB Collin-Mezin&nbsp;z 1932 roku.&nbsp;&nbsp;</p>

<p>Absolwent mistrzowskiej klasy skrzypiec Prof. Edwarda Zienkowskiego na Uniwersytecie Muzyki i Sztuki w Wiedniu (dyplom magisterski z wyróżnieniem 2014)&nbsp;oraz absolwent&nbsp;elitarnych&nbsp;solistycznych&#8230;</p>
