{"id":60,"date":"2025-10-11T14:52:50","date_gmt":"2025-10-11T12:52:50","guid":{"rendered":"https:\/\/kss.amuz.krakow.pl\/?post_type=team_member&#038;p=60"},"modified":"2026-01-04T10:59:13","modified_gmt":"2026-01-04T09:59:13","slug":"mgr-julia-stompor","status":"publish","type":"team_member","link":"https:\/\/kss.amuz.krakow.pl\/?team_member=mgr-julia-stompor","title":{"rendered":"mgr Julia Stomp\u00f3r"},"content":{"rendered":"\n<p>Z wyr\u00f3\u017cnieniem uko\u0144czy\u0142a studia magisterskie w klasie prof. Oriany Masternak na Akademii Muzycznej im. Krzysztofa Pendereckiego w Krakowie. W ramach programu Erasmus+ studiowa\u0142a w klasie skrzypiec prof. Ernsta Kovacica oraz klasie kameralistyki Christopha Eggnera na Universit\u00e4t f\u00fcr Musik und darstellende Kunst Wien.<\/p>\n\n\n\n<p>Uczestniczy\u0142a w wielu masterclassach z wybitnymi osobisto\u015bciami, takimi jak: Bomsori Kim, Vineta Sareika, Kaja Danczowska, Kazuki Sawa, Krzysztof Jakowicz, Wies\u0142aw Kwa\u015bny, Konstanty Andrzej Kulk\u0119 Dominika Falger, Anna Gutowska, S\u0142awomir Tomasik, Szymon Krzeszowiec, Agata Szymczewska, Rados\u0142aw Pujanek, czy Rafa\u0142 Zambrzycki.<\/p>\n\n\n\n<p>Czterokrotna stypendystka Rektora Akademii Muzycznej im. Krzysztofa Pendereckiego w Krakowie oraz stypendystka projektu badawczego finansowanego przez Narodowego Centrum Nauki w ramach programu SONATA BIS 13 pt.\u201d Krakowska Szko\u0142a Skrzypcowa \u2013 geneza, idiom, perspektywy rozwoju\u201d.<\/p>\n\n\n\n<p>Nagrody:<\/p>\n\n\n\n<p>I nagroda na Konkursie Miniatur<\/p>\n\n\n\n<p>II nagroda na Mi\u0119dzynarodowym Konkursie Muzycznym \u201eOpus\u201d<\/p>\n\n\n\n<p>III nagroda na 5th International Music Competition Ma\u0142opolska<\/p>\n\n\n\n<p>Wsp\u00f3\u0142za\u0142o\u017cycielka kwartetu fortepianowego Silience Piano Quartet, z kt\u00f3rym zdoby\u0142a nagrody w konkursach mi\u0119dzynarodowych:<\/p>\n\n\n\n<p>I Nagroda \u2013 Beethoven International Music Competition<\/p>\n\n\n\n<p>I Nagroda \u2013 London Classical Music Competition<\/p>\n\n\n\n<p>II Nagroda \u2013 5th International Music Competition Ma\u0142opolska<\/p>\n\n\n\n<p>Zesp\u00f3\u0142 koncertowa\u0142 w Polsce i Europie oraz uczestniczy\u0142 w warsztatach mistrzowskich pod kierunkiem: Floriana Hasenburgera, Vidy Vujic (Universit\u00e4t f\u00fcr Musik und darstellende Kunst Wien); Evana Rithsteina (Guildhall School of Music); Paw\u0142a Zalejskiego (Apollon Musagete Quartet); DAFO Quartet; Meccore String Quartet; Messages String Quartet; Black Oak Ensemble<\/p>\n\n\n\n<p>Julia nale\u017cy do orkiestry Neue Philharmonie M\u00fcnchen oraz Santander Orchestra, z kt\u00f3r\u0105 nagrywa\u0142a p\u0142yt\u0119 Szymona Komasy \u201ePiosenki z Kabaretu Starszych Pan\u00f3w. Laboratorium\u201d nie tylko jako cz\u0142onek orkiestry, ale i kwartetu smyczkowego. Bra\u0142a udzia\u0142 w Akademii Orkiestrowej NFM. Pe\u0142ni funkcj\u0119 koncertmistrza i organizatora orkiestry na Mi\u0119dzynarodowym Festiwalu Duet\u00f3w Fortepianowych \u201eDuettissimo\u201d. Wyst\u0119powa\u0142a na XIX Festiwalu Ensemble, gdzie dzieli\u0142a scen\u0119 z Tomoko Akasaka, Alexandrem Gebertem i Jose Gallardo<\/p>\n","protected":false},"excerpt":{"rendered":"<p>Z wyr\u00f3\u017cnieniem uko\u0144czy\u0142a studia magisterskie w klasie prof. Oriany Masternak na Akademii Muzycznej im. Krzysztofa Pendereckiego w Krakowie. W ramach&#8230;<\/p>\n","protected":false},"featured_media":48,"template":"","class_list":["post-60","team_member","type-team_member","status-publish","has-post-thumbnail","hentry"],"_links":{"self":[{"href":"https:\/\/kss.amuz.krakow.pl\/index.php?rest_route=\/wp\/v2\/team_member\/60","targetHints":{"allow":["GET"]}}],"collection":[{"href":"https:\/\/kss.amuz.krakow.pl\/index.php?rest_route=\/wp\/v2\/team_member"}],"about":[{"href":"https:\/\/kss.amuz.krakow.pl\/index.php?rest_route=\/wp\/v2\/types\/team_member"}],"version-history":[{"count":2,"href":"https:\/\/kss.amuz.krakow.pl\/index.php?rest_route=\/wp\/v2\/team_member\/60\/revisions"}],"predecessor-version":[{"id":63,"href":"https:\/\/kss.amuz.krakow.pl\/index.php?rest_route=\/wp\/v2\/team_member\/60\/revisions\/63"}],"wp:featuredmedia":[{"embeddable":true,"href":"https:\/\/kss.amuz.krakow.pl\/index.php?rest_route=\/wp\/v2\/media\/48"}],"wp:attachment":[{"href":"https:\/\/kss.amuz.krakow.pl\/index.php?rest_route=%2Fwp%2Fv2%2Fmedia&parent=60"}],"curies":[{"name":"wp","href":"https:\/\/api.w.org\/{rel}","templated":true}]}}

mgr Julia Stompór

<p>Z wyróżnieniem ukończyła studia magisterskie w klasie prof. Oriany Masternak na Akademii Muzycznej im. Krzysztofa Pendereckiego w Krakowie. W ramach programu Erasmus+ studiowała w klasie skrzypiec prof. Ernsta Kovacica oraz klasie kameralistyki Christopha Eggnera na Universität für Musik und darstellende Kunst Wien.</p>



<p>Uczestniczyła w wielu masterclassach z wybitnymi osobistościami, takimi jak: Bomsori Kim, Vineta Sareika, Kaja Danczowska, Kazuki Sawa, Krzysztof Jakowicz, Wiesław Kwaśny, Konstanty Andrzej Kulkę Dominika Falger, Anna Gutowska, Sławomir Tomasik, Szymon Krzeszowiec, Agata Szymczewska, Radosław Pujanek, czy Rafał Zambrzycki.</p>



<p>Czterokrotna stypendystka Rektora Akademii Muzycznej im. Krzysztofa Pendereckiego w Krakowie oraz stypendystka projektu badawczego finansowanego przez Narodowego Centrum Nauki w ramach programu SONATA BIS 13 pt.” Krakowska Szkoła Skrzypcowa – geneza, idiom, perspektywy rozwoju”.</p>



<p>Nagrody:</p>



<p>I nagroda na Konkursie Miniatur</p>



<p>II nagroda na Międzynarodowym Konkursie Muzycznym „Opus”</p>



<p>III nagroda na 5th International Music Competition Małopolska</p>



<p>Współzałożycielka kwartetu fortepianowego Silience Piano Quartet, z którym zdobyła nagrody w konkursach międzynarodowych:</p>



<p>I Nagroda – Beethoven International Music Competition</p>



<p>I Nagroda – London Classical Music Competition</p>



<p>II Nagroda – 5th International Music Competition Małopolska</p>



<p>Zespół koncertował w Polsce i Europie oraz uczestniczył w warsztatach mistrzowskich pod kierunkiem: Floriana Hasenburgera, Vidy Vujic (Universität für Musik und darstellende Kunst Wien); Evana Rithsteina (Guildhall School of Music); Pawła Zalejskiego (Apollon Musagete Quartet); DAFO Quartet; Meccore String Quartet; Messages String Quartet; Black Oak Ensemble</p>



<p>Julia należy do orkiestry Neue Philharmonie München oraz Santander Orchestra, z którą nagrywała płytę Szymona Komasy „Piosenki z Kabaretu Starszych Panów. Laboratorium” nie tylko jako członek orkiestry, ale i kwartetu smyczkowego. Brała udział w Akademii Orkiestrowej NFM. Pełni funkcję koncertmistrza i organizatora orkiestry na Międzynarodowym Festiwalu Duetów Fortepianowych „Duettissimo”. Występowała na XIX Festiwalu Ensemble, gdzie dzieliła scenę z Tomoko Akasaka, Alexandrem Gebertem i Jose Gallardo</p>

<p>Z wyróżnieniem ukończyła studia magisterskie w klasie prof. Oriany Masternak na Akademii Muzycznej im. Krzysztofa Pendereckiego w Krakowie. W ramach&#8230;</p>
